et f be x(q). Let g(m) = m + 23. List the prime factors of g(f).
23
Suppose -h - 1 = -0*h - 5*l, 0 = 3*h - l - 11. Let q(p) = -p + 6. Let r be q(h). Suppose 39 = 5*i - r*i. List the prime factors of i.
13
Let i be ((-27)/(-81))/(1/48*2). Suppose i*q = -q + 1665. List the prime factors of q.
5, 37
Suppose -3*o + 19 = 2*a, 0 = -6*o + o - 4*a + 33. Suppose 5 = 3*s - 2*v, 3*v + 11 = o*s - v. What are the prime factors of (-3 - (-48)/2) + s?
2, 5
Suppose -5*i + 0*i = -15. Suppose -3*f - 3*r = -135, -r = 2*f + i*r - 100. What are the prime factors of f?
2, 5
Suppose 5*l - 22 = 18. Suppose -278 = -l*t - 38. What are the prime factors of (-5)/((-75)/12)*t?
2, 3
Let i be (3 - 4)*(-5 + -2). List the prime factors of -122*(i/2 - 4).
61
Suppose -2*a + 4*j + 7 + 5 = 0, 2*j = -5*a + 30. Suppose -4*b = 14 + 2. Let r = a + b. List the prime factors of r.
2
Suppose 2*o - 8 = -4*n, 5*n + 3 = -3*o + 4*n. Let p = o + 15. List the prime factors of p.
13
Let q = 472 + -51. What are the prime factors of q?
421
Suppose 67 = -3*y + n, 4*y + 4*n + 68 = -0*y. Let o(t) = -6*t - 49. List the prime factors of o(y).
7, 11
Let u(m) = m**3 + 3*m - 2. Let q be (-1 - -5)*5/10. What are the prime factors of u(q)?
2, 3
Let z(c) = c**2 - 4*c + 2. Let r be z(4). List the prime factors of 1484/14*r/4.
53
Let h(s) = -s**2 - 8*s - 15. Let q be h(-5). Suppose 3*n - 3 = q, -2*o - 2*n + 22 = -0*n. What are the prime factors of o?
2, 5
Suppose 38*k + 1989 = 41*k. Let y = k + -435. What are the prime factors of y?
2, 3, 19
Let w(r) = 75*r**3 + r**2 - r + 1. Let n = 4 + -3. Let s be w(n). Suppose u - 5*u = -s. What are the prime factors of u?
19
What are the prime factors of ((-8)/(-8) + 2)*202?
2, 3, 101
Suppose -129*s = -178*s + 3773. What are the prime factors of s?
7, 11
What are the prime factors of -6*(-7)/(-63)*(-474)/1?
2, 79
Let d = 51 + -113. Let z = 149 + d. List the prime factors of z.
3, 29
Let g(o) = o**2 + 7*o + 23. Let a be 4/6*-3 + -16 + 12. List the prime factors of g(a).
17
What are the prime factors of ((-7)/4)/(22/(-7480))?
5, 7, 17
Let y = 2065 - 1058. What are the prime factors of y?
19, 53
Let y = 62 - 44. Let p = -719 + 720. Let s = y + p. What are the prime factors of s?
19
Let x(d) = -42*d + 31. Let y be x(-11). Suppose -4*n - k + 684 = -299, 0 = 2*n - k - y. What are the prime factors of n?
2, 3, 41
Let l(p) = -p**2 + 14*p + 45. Let h be l(18). What are the prime factors of 993/(-2)*18/h?
331
Suppose 31*d = -7*d + 62320. What are the prime factors of d?
2, 5, 41
Suppose 0 = -2*u + 4*b + 136, -5*u - 2*b = 3*b - 340. Let g = -27 + u. What are the prime factors of g?
41
Let b = -1266 - -2287. What are the prime factors of b?
1021
Let k(t) = 11*t**3 - 3*t**2 + 4*t - 3. Let i be -5*(-4)/20 - (0 - 1). List the prime factors of k(i).
3
Suppose 22*r - 19*r - 9 = 0. Suppose 5*n - n = 288. Suppose -4*s + r*c + n = 4*c, -c = s - 21. List the prime factors of s.
17
List the prime factors of (3/6)/(16/26656).
7, 17
Suppose -2*s = -1190 - 1884. List the prime factors of s.
29, 53
Suppose -2*u + 6*u - 20 = 0. Suppose -3*b - u*z - 8 = 0, -3*b + 4 = 2*b + 4*z. Suppose -131 = -5*w + b*x, 4*x = 5*w - x - 135. What are the prime factors of w?
23
Suppose -2 = 3*q - q. Let c be (4 - (q + 3))*-4. What are the prime factors of (c/14)/((-12)/42)?
2
Let p be (-4)/26 - 17352/104. Let l = -110 - p. List the prime factors of l.
3, 19
Let j = -409 + 753. What are the prime factors of j?
2, 43
Let o(r) be the second derivative of -r**7/420 - r**5/120 + r**3 + 7*r. Let m(a) be the second derivative of o(a). List the prime factors of m(-2).
2, 3
What are the prime factors of (3/3)/((-4)/(-8)) + 4073?
5, 163
Suppose -4 = 4*q + 4*x, -x - 4 = -3*x. Let b be 12/(-8)*4/q. Let l(f) = 5*f**3 - f**2 - 2*f + 2. What are the prime factors of l(b)?
2, 17
Suppose -4*g + 18 = 5*d, 5*d - 10 = -3*g + 6. Suppose d*k + 2*z = z - 5, 4*k - 4*z = -28. Let y = 28 + k. List the prime factors of y.
2, 3
What are the prime factors of ((-7734)/(-24))/(7/28)?
1289
Let h = 2 - 5. Let y(c) = c**2 + 2*c + 3. Let v be y(h). Let r(o) = o**3 - 6*o**2 + 5. What are the prime factors of r(v)?
5
Suppose -i - i - p = -2010, 3*i - 5*p = 3015. List the prime factors of i.
3, 5, 67
Suppose -4*k + 4*o = -0*k + 324, -5*o + 89 = -k. Let h = k + 107. What are the prime factors of h?
2, 7
Let w = 10 + 215. List the prime factors of w.
3, 5
Suppose 4*w = h + 13 + 1, 4*w - 2*h = 12. Suppose -2*t = -2*f - 30, -w*t + 2*f + 35 = 3*f. List the prime factors of t.
2, 5
Let h(i) = -i + 7. Let r be h(11). Let o(w) = w**2 - 5*w - 9. Let m be o(r). Let l = 38 - m. What are the prime factors of l?
11
Let r(f) be the second derivative of -8*f**3 - 14*f**2 - 13*f. What are the prime factors of r(-5)?
2, 53
Let d(g) = 1. Let v(i) = 2*i - 1. Let u(s) = -d(s) + v(s). Let x be u(2). Suppose -x*f + 8 = 2*f. What are the prime factors of f?
2
Let k be (3 - (-115)/15)*6. Suppose -4*i + k = 5*p - 80, 0 = -3*p - i + 85. List the prime factors of p.
2, 7
Let j(v) = v**2 + v + 11. Let r be j(0). Suppose -3*g + 4 = -r. Let z(u) = 2*u**2 - 5*u - 5. What are the prime factors of z(g)?
2, 5
Let o(w) = -7*w - 62. What are the prime factors of o(-27)?
127
Let o = -123 - 178. Let h = 572 + o. Suppose -3*q + i = -220, 0 = -5*q - 3*i + 105 + h. What are the prime factors of q?
2, 37
Let w = -331 + 962. What are the prime factors of w?
631
Let y(g) = 188*g**2 - 5*g - 5. Let r be y(-2). What are the prime factors of 6/(-42) - r/(-7)?
2, 3
Let q(w) = 44*w + 6. Let j be q(2). Let v = j - 39. What are the prime factors of v?
5, 11
Let q be -1 + 340/55 - 6/33. Suppose -635 - 420 = -q*j. What are the prime factors of j?
211
Suppose -5*f + 4*f + 4*b = -207, 4*f - 904 = -3*b. List the prime factors of f.
223
Suppose -59*r = -71*r + 48120. List the prime factors of r.
2, 5, 401
Let i = -19 + 81. What are the prime factors of i?
2, 31
Let n be 2*((-5)/(-2) + 0). Suppose -h = -3*h + x + 107, -h = -n*x - 49. Suppose 3*z - 6 = h. List the prime factors of z.
2, 5
Suppose 0 = -9*n + 4870 + 4094. List the prime factors of n.
2, 3, 83
Suppose -5*f = -3*m + 264 + 179, -2*f = 5*m - 790. Suppose -p = -4*p + m. List the prime factors of p.
2, 13
Let k(p) = 32*p + 909. List the prime factors of k(0).
3, 101
Let s(h) = 2*h**3 - 3*h**2. Let m be s(2). Suppose -2*t = 3*b - 93, 114 = t + 2*t - m*b. List the prime factors of t.
2, 3, 7
Let k = 115 - -1458. What are the prime factors of k?
11, 13
What are the prime factors of (12/(-5))/(38/(-1805))?
2, 3, 19
Suppose -j + 4*w + 7 = 0, 4*w = -0*j + 3*j - 37. What are the prime factors of (-5)/(j/(-201)) + 3?
2, 5, 7
Let m = -314 + 577. Let j = m - 146. List the prime factors of j.
3, 13
Suppose x - 311 = 649. What are the prime factors of x/50 + (-2)/10?
19
Let w = 504 + -326. What are the prime factors of w?
2, 89
Let l(v) = -3*v - 13. Let u be l(-4). What are the prime factors of (-69)/((u/3)/(-6 + 7))?
3, 23
Let a(m) = m**3 - 10*m**2 + 3. Let f be 172/17 - (-4)/(-34). Let l be a(f). Suppose -9 = l*k - 6*k. List the prime factors of k.
3
Let y = -8 + 94. Let w = -37 + y. List the prime factors of w.
7
Suppose -6 = 2*o + 798. Let h = 571 + o. List the prime factors of h.
13
Let x = 11249 - 7505. What are the prime factors of x?
2, 3, 13
Let b(c) = -c**2 - 10*c - 13. Let z be b(-8). List the prime factors of z + (2 + -6)*(5 - 31).
107
Suppose -6*c = -704 + 2. Let f = c + 9. Suppose u = 3*u - f. What are the prime factors of u?
3, 7
Suppose -8*u + 15 = -3*u. Suppose 3*b + 4*f + 6 = 0, 0 = 3*b + 3*f - 0 + u. Suppose 3*g + 43 = 4*g + h, -b*g - h = -90. What are the prime factors of g?
47
Let n(j) = 30*j - 3. Let x be n(-1). Let f be x/(-22)*(-4)/(-3). Suppose 0 = -f*v - 3*v + 10. What are the prime factors of v?
2
Suppose -3*x = -2*i + 68, 4*x - 3*i = -0*i - 90. List the prime factors of (x/14)/(16/(-728)).
2, 3, 13
Let r(z) = -18*z**2 + 2. Let v be r(1). Suppose 0*y = -3*y - 264. What are the prime factors of v/y - (-238)/22?
11
Suppose -4*t = 4 + 12. Let q(k) = 18*k - 7. Let b be q(t). Let p = -21 - b. What are the prime factors of p?
2, 29
Let h = 337 - 168. Let k = 438 - h. What are the prime factors of k?
269
Let m = 156 + -124. Suppose z - 113 = -3*c, m = 2*c - 2*z - 46. What are the prime factors of c?
2, 19
Let f(o) = -o**3 + 3*o**2 + 2*o + 